- 3*i**2 + 4*i - 5. Give c(4).
27
Let l(y) = 2*y**2 - 19*y - 25. Give l(16).
183
Let x(i) = i**3 - 11*i**2 + 9*i + 3. Determine x(10).
-7
Let a(l) = l**2 - 7*l - 13. Determine a(-8).
107
Let w(s) = -5*s - 20. Give w(3).
-35
Let f(a) = 7*a**2 - 38*a - 69. Determine f(7).
8
Let b(a) = a**3 + 7*a**2 - 26*a - 89. What is b(-9)?
-17
Let k(z) = 8*z**2 - z. Determine k(2).
30
Let z(o) = o**3 + 2*o**2 - 8*o - 6. Determine z(-5).
-41
Let i(n) = -10*n - 27. Give i(-3).
3
Let m(o) = o**3 + 11*o**2 + 10*o - 7. Give m(-10).
-7
Let r(w) = -w**3 - 23*w**2 - 23*w - 22. Give r(-22).
0
Let q(f) = -2*f + 8. Give q(7).
-6
Let n(h) = h**2 - 16*h - 60. Determine n(19).
-3
Let k(i) = i**3 - i**2 - 6*i + 3. Give k(3).
3
Let c(s) = 2*s - 31. Calculate c(10).
-11
Let l(v) = -6*v + 122. Calculate l(21).
-4
Let q(r) = r**3 - 18*r**2 - 22*r + 13. What is q(19)?
-44
Let p(u) = u**3 - 6*u**2 + 7*u - 10. Calculate p(5).
0
Let w(x) = -x**3 - 13*x**2 + 1. Give w(-13).
1
Let o(b) = -b**3 + 6*b**2 + 2*b - 14. Determine o(6).
-2
Let h(c) = -c**2 - 47*c - 65. Determine h(-45).
25
Let a(y) = -54*y**3 + y**2 - 2*y + 2. Calculate a(1).
-53
Let j(a) = -a**2 - 5*a + 21. Determine j(-11).
-45
Let f(m) = -16*m + 255. What is f(16)?
-1
Let s(p) = -5*p - 148. Calculate s(-28).
-8
Let y(a) = a**2 + 15*a - 35. Calculate y(-17).
-1
Let p(q) = q**3 - 10*q**2 + 2*q + 17. What is p(10)?
37
Let q(c) = -c**3 + 9*c**2 - 10*c + 1. What is q(7)?
29
Let n(o) = -o**3 - 13*o**2 - 11*o + 4. Calculate n(-12).
-8
Let m(o) = o**3 - 8*o**2 + 11*o - 24. What is m(7)?
4
Let r(h) = -4*h + 15. Calculate r(-9).
51
Let q(u) = u**2 - 6*u - 23. What is q(9)?
4
Let h(a) = -6*a + 12. Give h(2).
0
Let q(f) = -2*f**2 + 67*f - 350. Calculate q(27).
1
Let x(r) = -r**3 + 26. Calculate x(0).
26
Let x(a) = 21*a - 350. Give x(17).
7
Let o(c) = -2*c**2 + 64*c - 65. Calculate o(31).
-3
Let s(x) = -x**3 + 16*x**2 + 35*x + 21. Calculate s(18).
3
Let u(c) = 5*c + 47. Determine u(-17).
-38
Let b(y) = y**2 - 8*y + 17. Determine b(5).
2
Let o(z) = z**2 + 16*z - 32. Calculate o(-17).
-15
Let h(d) = -d**2 + 7*d + 32. Calculate h(10).
2
Let s(o) = 3*o**2 + 5*o + 2. What is s(-4)?
30
Let z(q) = -6*q**2 - q + 8. Calculate z(2).
-18
Let n(c) = -14*c - 794. Calculate n(-57).
4
Let s(u) = -u**3 - 8*u**2 - 6*u + 11. What is s(-7)?
4
Let g(p) = -p - 10. What is g(2)?
-12
Let p(k) = k**3 + 3*k**2 - 17*k - 52. Give p(-3).
-1
Let x(w) = w - 1. Calculate x(-1).
-2
Let l(f) = 2*f**3 + 123*f**2 + 58*f - 187. Give l(-61).
-4
Let k(q) = -q**3 + 5*q**2 + 2*q - 19. Give k(5).
-9
Let t(i) = i**2 + 19*i - 107. Determine t(5).
13
Let d(c) = -c**3 - 7*c**2 + 7*c + 11. Give d(-8).
19
Let d(r) = -7*r - 40. Determine d(-7).
9
Let j(c) = -c**2 + c + 6. Give j(-7).
-50
Let h(o) = -o**3 + 7*o**2 + 121*o - 20. Give h(15).
-5
Let z(i) = -20*i**3 - 2*i**2 - i + 1. What is z(-1)?
20
Let i(u) = -u**2 - 15*u + 40. Calculate i(-17).
6
Let c(k) = -k**2 + 18*k + 172. What is c(-7)?
-3
Let o(j) = -j**2 - 31*j + 100. Determine o(-33).
34
Let j(d) = -d**2 + 4*d - 3. Calculate j(2).
1
Let w(i) = 3*i**2 + 34*i. What is w(-11)?
-11
Let d(u) = -u**3 + 15*u**2 + 126*u - 1. Give d(21).
-1
Let g(s) = -s**3 - 5*s**2 + 7*s + 1. Calculate g(-5).
-34
Let q(z) = 9*z + 27. Determine q(-4).
-9
Let h(s) = s**2 + 28*s + 166. Determine h(-21).
19
Let n(g) = g**2 + 3*g - 8. Give n(-6).
10
Let v(n) = 12*n**3 + 4*n**2 + 2*n. Give v(-2).
-84
Let q(j) = j**3 - 9*j**2 - 22*j - 2. Give q(11).
-2
Let h(f) = -f**3 - 20*f**2 + 19*f + 5. What is h(-21)?
47
Let p(b) = 3*b + 35. What is p(-10)?
5
Let h(i) = -i**3 - 3*i**2 - 2*i + 4. Give h(-3).
10
Let h(y) = -2*y**3 - 26*y**2 - 82*y + 13. Determine h(-7).
-1
Let g(p) = 2*p**3 - 8*p**2 - 8*p - 3. Calculate g(5).
7
Let z(x) = -x**2 + 7*x - 8. Give z(4).
4
Let l(t) = t + 2. Calculate l(-8).
-6
Let i(u) = -5*u**2 + 2*u + 3. Give i(-1).
-4
Let s(n) = 3*n**2 + 19*n - 7. Determine s(-5).
-27
Let s(l) = l + 7. Calculate s(6).
13
Let m(a) = a + 3. Calculate m(-10).
-7
Let k(i) = i**2 + 8*i + 7. What is k(-6)?
-5
Let m(s) = -58*s**2 + 1. Determine m(-1).
-57
Let u(l) = -22*l + 148. Calculate u(7).
-6
Let k(h) = -h**3 - 9*h**2 + 9*h + 10. Calculate k(-10).
20
Let w(i) = -i**2 + 2*i + 7. Give w(4).
-1
Let l(v) = v**3 + 11*v**2 + 14*v + 26. What is l(-10)?
-14
Let c(t) = -t**2 - 3*t - 12. Give c(-4).
-16
Let n(u) = u**3 + 10*u**2 - 9*u + 13. Determine n(-11).
-9
Let g(u) = 14*u - 9. Determine g(4).
47
Let g(i) = i**2 + 10*i + 1. Determine g(-7).
-20
Let g(u) = u**2 + 14*u - 16. Calculate g(-15).
-1
Let b(f) = f**3 + 17*f**2 + 25*f + 17. Calculate b(-16).
-127
Let h(a) = -5*a + 15. What is h(-3)?
30
Let b(h) = h**2 - h - 6. Give b(2).
-4
Let o(r) = -13*r + 206. Give o(16).
-2
Let s(l) = l**3 + l**2 - 2*l - 12. Determine s(0).
-12
Let x(i) = -i**3 + 15*i**2 - 12*i - 31. Calculate x(14).
-3
Let b(w) = -7*w + 140. Determine b(28).
-56
Let v(l) = 3*l + 137. What is v(-43)?
8
Let l(n) = -10*n + 88. Calculate l(8).
8
Let y(q) = -q**2 + 14*q. What is y(12)?
24
Let r(q) = 12*q. What is r(-1)?
-12
Let c(s) = 2*s**2 - 17*s + 1. Give c(9).
10
Let x(o) = o**2 - 15*o + 1. Calculate x(16).
17
Let q(f) = 3*f**2 - f. Give q(-4).
52
Let h(w) = w - 31. Give h(32).
1
Let h(g) = g**3 - 2*g**2 + 2*g - 3. Give h(2).
1
Let y(r) = 2*r + 20. What is y(-7)?
6
Let f(j) = j**2 - 2*j + 2. Calculate f(0).
2
Let a(h) = h**3 + 20*h**2 - 23*h - 25. Determine a(-21).
17
Let g(d) = d**2 - 13*d + 4. Determine g(9).
-32
Let c(o) = -o**2 - 5*o + 1. Give c(-6).
-5
Let k(f) = f**3 - 4*f**2 - 10*f - 17. Calculate k(6).
-5
Let c(q) = -q**3 - 8*q**2 + 9*q - 8. Give c(-9).
-8
Let t(z) = 4*z**3 + 3*z**2 + 2*z - 2. Give t(-2).
-26
Let h(u) = -8*u**2 - 159*u + 16. Calculate h(-20).
-4
Let v(g) = -g**2 + 31*g - 216. Give v(10).
-6
Let l(u) = -9*u + 10. What is l(0)?
10
Let z(w) = -5*w + 36. What is z(7)?
1
Let j(d) = d**3 - 3*d - 6. Calculate j(0).
-6
Let u(f) = 18*f + 62. Calculate u(-5).
-28
Let j(b) = -b**3 - 7*b**2 + 12*b + 33. What is j(-8)?
1
Let d(m) = 24*m + 32. Give d(-1).
8
Let k(s) = 2*s - 12. Give k(13).
14
Let n(z) = -5*z - 103. Calculate n(-19).
-8
Let d(f) = f**2 + 9*f - 4. Calculate d(-11).
18
Let s(p) = -9*p - 109. Calculate s(-11).
-10
Let c(s) = s**2 + 14*s - 29. Calculate c(-14).
-29
Let x(y) = 37*y**2 - y - 1. Calculate x(-1).
37
Let i(o) = -22*o + 16. Calculate i(3).
-50
Let c(h) = -87*h - 6. What is c(0)?
-6
Let i(b) = -b**2 - 18*b + 46. Determine i(-19).
27
Let a(p) = -3*p**2 + 6*p + 2. Give a(3).
-7
Let a(l) = -l**3 - 3*l**2 + 26*l + 2. Calculate a(4).
-6
Let z(u) = 9*u**2 + 5*u + 3. Calculate z(-2).
29
Let f(h) = h**2 - 7*h - 44. Determine f(11).
0
Let w(s) = -s**3 + 13*s**2 + 14*s + 11. Calculate w(14).
11
Let p(s) = -s**3 - 6*s**2 + 5*s - 3. Determine p(-7).
11
Let u(l) = l**3 - 3*l**2 - 11*l - 30. What is u(6)?
12
Let q(o) = 5*o**2 - 4*o + 3. Give q(2).
15
Let p(t) = -t**3 + 26*t**2 + 28*t - 40. Calculate p(27).
-13
Let p(k) = -k**2 + 17*k - 35. Calculate p(16).
-19
Let k(u) = -u**3 - 5*u**2 + 5*u - 4. Give k(-6).
2
Let h(s) = -s**2 - 21*s + 8. Determine h(-20).
28
Let k(u) = 9*u**3 + u - 1. What is k(1)?
9
Let r(g) = g**3 - 16*g**2 + 29*g - 18. Determine r(14).
-4
Let m(w) = -w**2 + 3*w - 5. Calculate m(5).
-15
Let l(h) = 6*h - 10. Give l(3).
8
Let d(x) = -x**3 - 18*x**2 - 19*x - 1. Determine d(-17).
33
Let j(c) = c**3 - 7*c**2 + 6*c - 34. What is j(7)?
8
Let a(c) = -c**3 + 6*c**2 - c - 6. Give a(5).
14
Let m(c) = -c + 15. Calculate m(6).
9
Let z(s) = -s**3 - 8*s**2 - s + 5. Determine z(-8).
13
Let k(l) = 7*l**2 - 2*l + 4. What is k(-3)?
73
Let u(l) = -l**3 - 2*l**2 + 5*l + 1. Determine u(-4).
13
Let y(n) = -2*n. Determine y(1).
-2
Let g(u) = 2*u**2 + 26*u - 1. Calculate g(-13).
-1
Let r(l) = -2*l**2 - 3*l + 25. Give r(6).
-65
Let q(v) = -v - 16. Calculate q(-5).
-11
Let a(h) = -h**3 + 25*h**2 - 23*h + 10. Calculate a(24).
34
Let d(s) = -s**2 - 10*s - 5. Calculate d(-2).
11
Let x(m) = -2*m**3 - 21*m**2 + 2*m. Give x(-11).
99
Let j(r) = -r**3 - 11*r**2 - 5*r + 17. Calculate j(-11).
72
Let j(d) = -d**2 + 9*d + 3. Calculate j(9).
3
Let x(n) = n**3 - 3*n**2 - n + 4. Give x(4).
16
Let g(d) = 6*d - 54. What is g(14)?
30
Let o(b) = b**2 - 37*b + 314. Give o(24).
2
Let j(p) = 2*p**2 - 4*p - 22. What is j(6)?
26
Let c(l) = -5*l + 2. Determine c(1).
-3
Let l(f) = f + 3. Determine l(-1).
2
L